27. Is r composite?
False
Let u = 33 - 30. Let k be ((-6)/(-5))/((-96784)/(-32260) - u). Suppose -6034 = -3*w + 5*d, -1622 + k = 4*w - 4*d. Is w prime?
False
Let l(d) = -40*d**2 + 3*d + 19*d**2 + 20*d**2. Let c be l(3). Suppose -2*z + 2*s = z - 991, c = -4*s - 8. Is z a composite number?
True
Let j(n) = -3*n**3 - 125*n**2 + 27*n - 35. Let o be j(-33). Let q = -12871 - o. Is q a composite number?
False
Let y = -622075 - -2407664. Is y a prime number?
False
Suppose 0 = 2*h - 25*x + 26*x - 53699, -2*x = -2. Is h prime?
True
Let f = 1828 + -1202. Let l(t) = 661*t - 16. Let o be l(5). Suppose 0 = -d - 3*i + f, -5*d + o = -5*i + 99. Is d composite?
True
Let i = -267295 + 464354. Is i a prime number?
True
Let l be (-144)/32*2/(-3) - -480. Let m(c) = -c**2 + 10*c - 10. Let t be m(4). Suppose -t*a = -17*a + l. Is a prime?
False
Let a(f) = -24*f**3 + 3*f**2 - 7*f - 1. Let s be (-3 + (-20)/(-8))*(9 + 1). Is a(s) composite?
False
Let l = 55 - 40. Let w be ((-9)/(-12))/(l/40). Suppose -2*t = w*h - 29 - 37, -4*h + 3*t + 160 = 0. Is h composite?
False
Suppose -13*x + 4681072 = 626515. Is x composite?
True
Let r(i) = 2*i**2 - 54*i + 43. Let j be r(32). Let x = j + 704. Is x a prime number?
False
Let h = 1066 - -11407. Is h a prime number?
True
Suppose 9 = -2*g - 3*i, g = i + 3 - 0. Suppose g = t + 2*b + 2 - 10, 0 = t + 4*b - 16. Suppose j - 41 - 1908 = t. Is j a prime number?
True
Is 1881176/(-132)*(-3)/2 prime?
True
Suppose -5*a + 1194 = x, a + 3596 = 3*x + 2*a. Let w = 1718 - x. Is w a composite number?
True
Suppose -4*i - 14*y = -16*y - 3750, 3*y - 3 = 0. Suppose -967 = -15*j + i. Is j prime?
True
Let n = 7493 - -1842. Is n prime?
False
Is (68/12)/(((-28)/(-4))/8799) a composite number?
True
Suppose 18*o = -105 - 3. Is 75/2 - (-3)/o prime?
True
Let d = -143 - -131. Is 6211/4*5/((-15)/d) a composite number?
False
Let q(s) = 3451*s - 1862. Let u(l) = -406*l + 219. Let n(x) = -5*q(x) - 42*u(x). Is n(-23) a composite number?
True
Let j(m) = -15*m - 88. Let h be j(-6). Suppose h*x - 2775 = 187. Is x a composite number?
False
Suppose 0 = -20*h - 22 + 102. Is (3478/(-235))/(h/(-2110)) composite?
True
Suppose 0 = 5*v + 3*a - 2080084, -76*v + 4*a - 2080087 = -81*v. Is v a composite number?
True
Suppose -5*s - 2*l = -5*l - 6298703, 3*s - 3779229 = 3*l. Is s composite?
False
Suppose -6*d - 14161 = -h - 3*d, -4*d - 28316 = -2*h. Suppose -9*f + h = -16079. Is f a composite number?
False
Suppose 4*j - 21 - 115 = 0. Let g = -30 + j. Suppose 6 + g = -m + 5*s, -3*m - s = -34. Is m prime?
False
Let y(j) = 112*j**3 + j**2 + 6*j + 4. Let g(o) = -560*o**3 - 6*o**2 - 30*o - 21. Let c(n) = -2*g(n) - 11*y(n). Is c(-3) prime?
True
Let s be 323/(-76) + 1/4. Let h be 157/((s - -6)/6). Is 12*(-5)/((-60)/h) prime?
False
Let k(b) = 2017*b**2 + 130*b + 891. Is k(-20) prime?
False
Let b(s) = -500*s - 73. Let m(v) = -100*v - 15. Let h(q) = -2*b(q) + 11*m(q). Is h(-6) a prime number?
False
Suppose -4*f + 6 = -3*f. Let z be -1*1/3*(-13041)/189. Suppose 5*y = f*y - z. Is y a prime number?
True
Suppose -6*i + 5838 = 3*d - 3*i, -3*d + 5*i = -5838. Suppose -d = -2*r + 1260. Is r prime?
False
Let m(o) be the third derivative of -o**6/120 + o**5/30 + 5*o**4/24 + 59*o**3/6 - 2*o**2 - 21. Is m(0) prime?
True
Let i(b) = 12*b**2 + 15*b + 31. Let x be i(-18). Let c = -1232 + x. Is c prime?
True
Is 378/(-216)*4 - (-3)/(6/404896) prime?
True
Let k be 4/12 - (-854)/21. Suppose 0 = 54*h - k*h - 10907. Is h prime?
True
Suppose -c - 29 = -4*s, 4*s - 3*c - 10 = 29. Let n be 54*(3 - (-56)/s). Is (3 + -5 - n)/(1*-2) prime?
False
Suppose 7*n = -6*n + n. Suppose -1444 = -2*c - 3*v, -3*c + 6*v - 4*v + 2153 = n. Is c prime?
True
Suppose 0 = -5*g + 4*g - 1. Is 30843/(-6)*g*(-10)/(-15) composite?
True
Suppose 9 - 51 = -21*p. Suppose -6*m + 8*m - 578 = -p*r, 5*m - r = 1457. Is m composite?
True
Suppose -148*y = -45*y - 41477173. Is y a composite number?
False
Let b be ((-1)/(-4))/((-2)/(-40)). Let z be ((-21)/(-28)*2*-2)/(-1). Suppose -b*g + 3346 = -z*g. Is g a prime number?
False
Let x(w) = -355*w**3 - 6*w**2 - 6*w + 7. Let g be x(-5). Suppose 2*z = 20*z - g. Is z prime?
True
Let c = -510 + 335. Is (1*-5)/(c/48965) a prime number?
True
Is (0 + 4197)*1465/15 composite?
True
Let d = 73311 - 20110. Is d composite?
False
Is 273/117*1*(-1694094)/(-14) prime?
True
Let a(m) = 4691*m + 48. Let n be a(7). Let w = n + -11974. Is w composite?
True
Let k(l) = -l**3 - l**2 + l. Let p(y) = -2*y**3 - 4*y**2 + 5*y + 6. Let s(u) = k(u) - p(u). Let b be s(-4). Is -1005*(b/(-3))/(-6) a prime number?
False
Let j be 2*((-4 - -11) + 1). Suppose j*h = -h. Suppose h = -4*o + 1205 + 999. Is o a prime number?
False
Let y(q) = 4508*q + 4797. Is y(25) a prime number?
True
Let h(f) = 13*f**3 + f**2 - 9*f + 3. Let l = 29 + -26. Suppose -3*b = -3, 18 = l*g + 3*b + 3. Is h(g) a composite number?
True
Let k be 6*(-3)/(3 - 9). Suppose -k*v + 0*v + 0*v = 0. Suppose -2*l + 538 + 220 = v. Is l a composite number?
False
Let m = 322 + -214. Let n be (-43)/(-9) - (-24)/m. Suppose -2*z + 7933 = 4*q - 7263, n*q - 2*z = 18995. Is q a composite number?
True
Suppose -4*r = 5*y + 36, -50*y + 55*y = 20. Let i(k) = -3*k**3 - 18*k**2 + 25*k - 32. Is i(r) prime?
False
Let p be 62*(0 + (-1)/(-4))*-10. Let m = p - -446. Suppose 4*b = -m + 3575. Is b prime?
True
Suppose 4*v = -5*r + 1085797, 0 = -2*r + 7*v - 11*v + 434326. Is r a composite number?
False
Is 1857861590/3525 + (-2)/(-30) prime?
True
Let z = -8849 + 3356. Let q = -2660 - z. Is q a prime number?
True
Let l(t) = 232*t**2 - 2979*t + 27. Is l(14) composite?
False
Let q be (1315/15)/((7/6)/(-7)). Let v = -2090 - q. Let o = 2349 + v. Is o prime?
False
Let c = -114 + 124. Suppose c*q + 3*q = 5447. Is q prime?
True
Let l = -993 - -5262. Suppose u + l = 4*u. Is u a composite number?
False
Suppose 76 = -2*n + q - 2*q, -150 = 4*n + q. Is n + 2943 + 5/(-1) composite?
True
Let v be ((-2 - -3) + 7)*(-2)/(-8). Suppose 0 = v*r - 13238 + 3304. Is r a composite number?
False
Is (-5 - -4 - -5) + (85467 - (2 + 0)) prime?
True
Is (-941)/(-3)*(737 - -52) prime?
False
Let x(v) = 666*v - 97. Suppose 26*p - 99 = 15*p. Is x(p) a composite number?
False
Let q be -9*3/(-18) - 41767/(-2). Suppose q = 15*s - 171010. Is s a composite number?
True
Is (-211)/(-2 - (-33132)/16572) prime?
False
Is 147486/5 + (-35)/175 composite?
True
Suppose 16*i + 177254 = 30*i. Is i composite?
True
Let u(a) = 4*a**2 - 19*a + 26. Suppose 0 = -0*k + 5*k - 15. Suppose 0*x + x + 8 = -l, 4*l - k*x = -39. Is u(l) a composite number?
False
Suppose 4*h - 1 = 3*h. Let o(z) = 4*z**2. Let r be o(h). Suppose -1791 = -4*t - 5*d, t + r*d = 2*t - 453. Is t prime?
True
Let z = 160 + -158. Suppose 0 = -z*y - 8 - 0, i - 4*y = 1103. Is i composite?
False
Suppose 39*c = 40*c + 31*c - 19680608. Is c composite?
False
Suppose -33*o = -1908 - 2448. Suppose 3*t - 214 = -2*f, 2*t + 0*t = -4*f + o. Is t composite?
True
Let o be (-3)/(-24)*18*(-7332)/(-117). Let u = o - -7586. Is u prime?
True
Suppose 14 = -2*v - 16. Suppose 6*p = 2*s + p - 4, 4*s + 4*p = -48. Let n = s - v. Is n composite?
False
Suppose 34*c - 6306259 = -73*c. Is c a composite number?
False
Let k = 42 - 75. Let i be k/(-22)*8/3. Suppose -i*t + 730 = t. Is t prime?
False
Let v(n) be the first derivative of -n**4/4 + 19*n**3/3 + 20. Let c be v(19). Is -2*((-17)/(-1))/(c - 1) a prime number?
False
Let z(c) = 2220*c**2 - 419*c + 39. Is z(-16) a composite number?
False
Suppose 3*p + 2*s = 8*p - 12, -3*p = -s - 7. Suppose -15 = -5*o + p*o. Suppose -120 - 277 = -2*c + 5*y, 0 = o*c - 5*y - 970. Is c a prime number?
True
Let l(o) = 10439*o - 4661. Is l(6) a prime number?
True
Let c(f) be the first derivative of 243*f**3 + 7*f**2/2 + 7*f - 48. Is c(-3) composite?
False
Let g(i) = 175*i**3 + 7*i + 97. Is g(8) a composite number?
False
Let d(k) = 5949*k**2 - 21*k + 33. Is d(3) composite?
True
Suppose -h = 5*b - 317, b + 1302 = 5*h - 387. Suppose 2*n + h = 3*n. Is n prime?
True
Suppose 112*q - 42274419 = 193737 + 8091892. Is q composite?
True
Let k(b) = 25*b - 175. Let u be k(7). Suppose u = 58*f - 59*f + 5107. Is f prime?
True
Let j(d) = -d**2 - 9*d + 9. Let o be j(-9). Let x(k) = 232*k + 18. Let p be x(o). Let f = p + -1367. Is f composite?
False
Suppose -129*i + 60*i + 21302439 = 0. Is i prime?
False
Let y(v) = v**3 + 